ose -4*d + 2*r = -3*r - 331, -94 = -d + z*r. Is d a prime number?
True
Let i(c) = 5*c**2 + 6*c + 4. Is i(-11) a prime number?
False
Is (839/(-2))/1*-2 prime?
True
Let t = -469 - -762. Is t a prime number?
True
Suppose -o - 5*r + 35 + 64 = 0, 0 = 2*o + r - 162. Is o a composite number?
False
Suppose 3*a + j = 5*j + 73, -4*a = -4*j - 92. Is a a prime number?
True
Suppose o - 2*d + 582 = 2*d, 2*o = -2*d - 1194. Let c = 37 - o. Is c a prime number?
True
Let u(s) = -s**3 + 14*s**2 + 2*s - 17. Let a be u(14). Let l(b) = b**2 + 6. Is l(a) a prime number?
True
Suppose 2*a = -4, -5*a = -4*h - 0*a + 18. Is ((-44)/8)/(h/(-28)) a prime number?
False
Let y be (-2)/((-1)/2 + 0). Let c be ((-16)/(-12))/(y/6). Suppose c*a + 83 = 3*a. Is a a prime number?
True
Let i = 8 + -8. Let f = i - -37. Is f a prime number?
True
Suppose -6*d + 5*d + 269 = 0. Is d prime?
True
Suppose 0*p - 5*p + 1555 = 0. Is p prime?
True
Let f = -332 - -547. Is f composite?
True
Let d = 11530 + -6603. Is d composite?
True
Let i be 0 - (3 + (-18)/(-3)). Let v(w) = -4*w - 2. Is v(i) composite?
True
Let z(v) = 0 + 0 + 11*v. Let r be z(1). Suppose r = 4*q - 17. Is q a prime number?
True
Let h be (2 - (-6)/(-3))*-1. Suppose 0 = 2*a - 4*y + 14, -2*y + h*y = -8. Is a/4 - (-422)/8 a composite number?
False
Let k(j) = -3*j**3 - 2*j**2 - 3*j - 1. Let s be (1/(-2))/((-2)/(-8)). Is k(s) a composite number?
True
Let v(d) = d**2 + 4*d - 7. Let s be v(-5). Let w(m) = 4 + m**2 + 2*m - 2 + m**2. Is w(s) composite?
True
Let g be 3/((-6)/8)*-2. Let c(d) be the third derivative of -d**5/60 + 11*d**4/24 + 7*d**3/6 - 8*d**2. Is c(g) composite?
False
Is ((-2)/6)/((6/5013)/(-2)) prime?
True
Is 24/(-40) - (-5)/(50/18676) a prime number?
True
Suppose 0 = 3*g - g - 6. Suppose -3*b + 5*j - 3*j = -315, 0 = -5*b + g*j + 524. Is b prime?
True
Suppose 2*z - z = 5. Let s be (-4)/(-16) + (-14)/(-8). Suppose -z*g = f - 10, g = -s*f - 2*g + 55. Is f prime?
False
Is 61 + -1 + (-17)/17 prime?
True
Let b(y) = -5*y**3 + 2*y**2 + 2*y + 1. Let n be b(-1). Let l be 16/10*105/n. Is (-51)/2*l/(-6) a prime number?
False
Suppose 2*n + 26 = 4*g, n + 2*g - 1 = -2. Let h be (-4 - n)*(0 - 1). Let x = h - -10. Is x a prime number?
True
Let s(l) = 3*l - 1. Let v be s(2). Suppose 58 = v*t + 2*m, 5*t - 38 = m + 2*m. Is t a composite number?
True
Suppose 33 = 5*d - 62. Is d prime?
True
Let l = -542 - -779. Is l prime?
False
Let s(q) = 3*q + 3. Let c be 1/(-4) + 21/(-12). Let g be s(c). Let i = g + 10. Is i prime?
True
Suppose -260 = -0*d - 4*d. Is d composite?
True
Let x(g) = g**2 + 6*g + 7. Let y be x(-5). Let j be (y/(-2))/((-2)/4). Suppose 1 = -2*p - 5*r + 21, -j*p + 2*r = -34. Is p composite?
True
Let v be 1/3 - (-4)/(-12). Suppose v = -2*r + 218 + 60. Let s = r + -90. Is s prime?
False
Let m be (0 - -8) + 1 - 2. Suppose m*h - 2*h = 100. Suppose 0 = -q + 17 + h. Is q a composite number?
False
Let p(m) = 13*m**2 + 4. Let h be p(-5). Let u = h - 36. Is u a prime number?
True
Let v be (-10)/(-45) + (-2)/9. Suppose -z - 2*z + 699 = v. Is z a prime number?
True
Let x = -573 - -1214. Is x prime?
True
Let f(b) = -103*b + 5. Is f(-6) a prime number?
False
Suppose -2*r = 5*z - 218, -r + 95 = -2*z + 4. Suppose -93 = -2*b + r. Suppose 3*k = b - 27. Is k prime?
True
Suppose -5*y + 3*y = v - 4351, -4*y = -v - 8693. Is y composite?
True
Suppose g = -g - 14. Let w(o) = -7*o + 4. Is w(g) composite?
False
Suppose -4*o = -2*o - 794. Is o composite?
False
Suppose 4*q - 4*z + 824 = 6920, -4592 = -3*q - z. Is q prime?
False
Let v(c) = c**2 + 7*c + 3. Suppose 3*t + 2 = -3*m - 4, t = 5*m + 40. Let x be v(m). Let h = x + 16. Is h composite?
False
Suppose 0 = -i - 3*f + 376, 8*i - 1491 = 4*i + f. Is i composite?
False
Let d be 1/(-3) + 94/3. Is (-6 - d)/(0 - 1) a prime number?
True
Let w(d) = 10*d**2 - 6*d + 8. Let x be w(14). Suppose 3*g = -g + x. Is g composite?
True
Let l(n) = 996*n**2 + 3*n. Is l(-1) composite?
True
Let h(i) = i**2 + i + 91. Let u = -2 + 1. Let z = u - -1. Is h(z) a prime number?
False
Let u(m) = -m**2 - 2*m + 2*m**2 + 4*m**2 + 2 - m**2. Is u(2) composite?
True
Let y = 1367 + -928. Is y a composite number?
False
Is -6 + 113778/30 - 2/(-5) composite?
True
Suppose -4*z = -5*a - 40, -4*z + 0*z + 4*a + 36 = 0. Suppose 4*m - 16 = -4*o, o + z*m - 2*m - 4 = 0. Suppose 2*v + 5*t = 19, -o*v = -v + 5*t - 26. Is v prime?
True
Let y = -533 - -206. Is (-6)/(-21) - y/7 a prime number?
True
Suppose l = 5*a + 2*l + 27, 0 = -5*a - 3*l - 21. Suppose -5*y = -42 - 3. Let b = y - a. Is b composite?
True
Let s = -1826 + 5245. Is s a composite number?
True
Let d(q) = q - 3. Let g be d(5). Suppose -y = g*y - 4*v + 190, v = -2*y - 145. Let k = -35 - y. Is k a composite number?
True
Is (1*-73)/((-2)/20*2) composite?
True
Let g(m) = -m + 11. Let n be g(7). Is 4 - (-1550)/(n/2) composite?
True
Suppose 0 = -5*p + 2*p + 747. Is p composite?
True
Suppose 4*u = -0*u + 2972. Is u a prime number?
True
Let w(m) be the third derivative of -m**6/120 - m**5/15 - m**4/6 + m**3/6 - 3*m**2. Let l be w(-3). Suppose -3*d + 5*d - 26 = -l*r, -4*r + 59 = 5*d. Is d prime?
True
Let u(d) = -d - 1. Is u(-8) prime?
True
Suppose -679 = 5*n + 241. Let z = 380 + n. Suppose -2*c = 2*c - z. Is c composite?
True
Let i be (-710)/(-3) - 4/(-12). Suppose i = -a + 4*a. Is a a prime number?
True
Let x = 26429 - 18436. Is x a composite number?
False
Suppose 0 = -5*v + 9 + 31. Suppose 2*f + 0*f = v. Suppose j + 18 = 2*c, 7*j + 21 = 3*c + f*j. Is c a composite number?
False
Let t be 0/(3/(-3) - 1). Suppose -3*p + 3*k + 456 = t, -2*k + 3*k = -3. Is p composite?
False
Let d = 288 - 161. Is d composite?
False
Suppose 2*y + y - 5*a - 647 = 0, 4*a - 402 = -2*y. Suppose 3*l = i + 7*l - y, -i - 2*l + 215 = 0. Is i prime?
False
Let m(p) = 8*p**2 - 1 - 3*p + p**2 - 3*p**2 + 6*p**2. Is m(-2) a prime number?
True
Suppose -p = -2*i - 2*p + 407, -3*i + 611 = 2*p. Is i prime?
False
Let v(b) = -5*b**3 - b**2 - b - 1. Let f be v(-1). Suppose 16 = u + f. Suppose -664 = -4*i - u. Is i a prime number?
True
Suppose 0 = -q, 2*q + 3031 - 636 = 5*a. Is a a prime number?
True
Suppose -c + 11 = -w, 2*c - 6*c - 5*w + 17 = 0. Let t(x) = -x**2 + 6*x - 4. Let z(p) = -p**2 + 5*p - 3. Let i(s) = -3*t(s) + 2*z(s). Is i(c) composite?
True
Let m(k) = 157*k - 2. Let p(b) = b + 1. Let o(a) = -m(a) - 3*p(a). Is o(-2) composite?
True
Suppose 46*k + 2286 = 52*k. Is k a prime number?
False
Suppose 10 + 25 = 5*i. Let j(c) = 4*c + 3 + 4*c - 4*c. Is j(i) a prime number?
True
Let d = -11 + 9. Is 74*(7/d)/(-7) a composite number?
False
Let h = 732 + -387. Suppose 3*j + 275 = 4*s, 0 = -5*s + 4*j - 0*j + h. Is s a prime number?
False
Let s(d) be the first derivative of 31*d**2/2 - 9*d + 4. Is s(6) a composite number?
True
Suppose 6*x - 7*x = -5625. Is 4/34 - x/(-17) prime?
True
Let s(w) = -w**3 + 17*w**2 + 15*w + 31. Is s(14) a composite number?
False
Let q = -436 - -202. Let k = -89 - q. Is k a composite number?
True
Let s = -5 + 3. Let d be (-70*(s + 1))/(-1). Let j = 119 + d. Is j a composite number?
True
Suppose -2*j - 32 = -6*j. Suppose r = j + 90. Suppose 5*y + 3*s = r, -5*s + 32 = 5*y - 68. Is y prime?
True
Let b = -349 - -503. Suppose p - 77 = 4*s - 3*s, -2*p = 4*s - b. Is p a composite number?
True
Suppose -5*t - 395 = -10*t. Is t composite?
False
Let f(x) be the third derivative of x**5/60 - 5*x**4/12 + 11*x**3/6 + x**2. Let l be f(9). Let v = 2 + l. Is v composite?
True
Let o(y) = -2*y + 3*y + 9 + 0*y. Let w be o(-5). Suppose -4*x = -3*z - 205, w*x = 7*z - 2*z + 195. Is x prime?
False
Suppose -154 = -x - 5*u, -3*x + 0*u + 445 = -2*u. Is x a composite number?
False
Let z(v) = v**3 + 9*v**2 + v + 11. Is z(-8) prime?
True
Suppose -4*r - 3*a + 4*a + 3892 = 0, 2*a + 966 = r. Is r a prime number?
False
Let v = -10 + 3. Let q = v - -7. Suppose q = 8*i - 3*i - 175. Is i a composite number?
True
Suppose 0 = 5*b + 25 - 240. Let n = 34 + b. Is n prime?
False
Suppose -3*j + 338 = 5. Is j a prime number?
False
Let v = 9 + 10. Is v a prime number?
True
Suppose -5*a - 764 = -3549. Is a prime?
True
Suppose 2*m + 3*m - 4*u - 4 = 0, 3*m + 2 = -2*u. Let g(q) = -q + 51. Is g(m) composite?
True
Let q be (-6)/(-14) - 11/(-7). Let n(m) = -3*m**2 + 0*m - m**q - m + 0*m + 2 - 4*m**3. Is n(-3) composite?
True
Let o = 5 - 2. Let s(d) = 27*d + 2. Is s(o) composite